{"id":310,"date":"2020-12-30T09:02:10","date_gmt":"2020-12-30T09:02:10","guid":{"rendered":"https:\/\/www.silfotball.no\/klubbhandbok\/?page_id=310"},"modified":"2021-03-19T09:07:04","modified_gmt":"2021-03-19T09:07:04","slug":"11-kompetanse-og-utdanning","status":"publish","type":"page","link":"https:\/\/www.silfotball.no\/klubbhandbok\/11-kompetanse-og-utdanning\/","title":{"rendered":"11. Kompetanse og utdanning"},"content":{"rendered":"\t\t<div data-elementor-type=\"wp-page\" data-elementor-id=\"310\" class=\"elementor elementor-310\" data-elementor-settings=\"{&quot;profecient_custom_cursor_toggle&quot;:false}\">\n\t\t\t\t\t\t<section class=\"elementor-section elementor-top-section elementor-element elementor-element-797e135 elementor-section-boxed elementor-section-height-default elementor-section-height-default\" data-id=\"797e135\" data-element_type=\"section\" data-e-type=\"section\" data-settings=\"{&quot;profecient_background_motion_effects_toggle&quot;:0,&quot;profecient_custom_cursor_toggle&quot;:false,&quot;profecient_parallax_effects_toggle&quot;:0,&quot;profecient_mouse_effects_toggle&quot;:0}\">\n\t\t\t\t\t\t<div class=\"elementor-container elementor-column-gap-default\">\n\t\t\t\t\t<div class=\"elementor-column elementor-col-100 elementor-top-column elementor-element elementor-element-48486c8\" data-id=\"48486c8\" data-element_type=\"column\" data-e-type=\"column\" data-settings=\"{&quot;profecient_background_motion_effects_toggle&quot;:0,&quot;profecient_custom_cursor_toggle&quot;:false,&quot;profecient_parallax_effects_toggle&quot;:0,&quot;profecient_mouse_effects_toggle&quot;:0}\">\n\t\t\t<div class=\"elementor-widget-wrap elementor-element-populated\">\n\t\t\t\t\t\t<div class=\"elementor-element elementor-element-ce758f8 elementor-widget elementor-widget-text-editor\" data-id=\"ce758f8\" data-element_type=\"widget\" data-e-type=\"widget\" data-settings=\"{&quot;profecient_custom_cursor_toggle&quot;:false,&quot;profecient_parallax_effects_toggle&quot;:0,&quot;profecient_mouse_effects_toggle&quot;:0}\" data-widget_type=\"text-editor.default\">\n\t\t\t\t<div class=\"elementor-widget-container\">\n\t\t\t\t\t\t\t\t\t<ul><li><a href=\"https:\/\/www.silfotball.no\/klubbhandbok\/11-kompetanse-og-utdanning\/#_Toc501082927\">11.1 Lederkurs<\/a><\/li><li><a href=\"https:\/\/www.silfotball.no\/klubbhandbok\/11-kompetanse-og-utdanning\/#_Toc501082928\">11.2 Trenerkurs<\/a><\/li><li><a href=\"https:\/\/www.silfotball.no\/klubbhandbok\/11-kompetanse-og-utdanning\/#_Toc501082929\">11.3 Dommerkurs<\/a><\/li><\/ul>\t\t\t\t\t\t\t\t<\/div>\n\t\t\t\t<\/div>\n\t\t\t\t<div class=\"elementor-element elementor-element-99a0aed elementor-widget elementor-widget-spacer\" data-id=\"99a0aed\" data-element_type=\"widget\" data-e-type=\"widget\" data-settings=\"{&quot;profecient_custom_cursor_toggle&quot;:false,&quot;profecient_parallax_effects_toggle&quot;:0,&quot;profecient_mouse_effects_toggle&quot;:0}\" data-widget_type=\"spacer.default\">\n\t\t\t\t<div class=\"elementor-widget-container\">\n\t\t\t\t\t\t\t<div class=\"elementor-spacer\">\n\t\t\t<div class=\"elementor-spacer-inner\"><\/div>\n\t\t<\/div>\n\t\t\t\t\t\t<\/div>\n\t\t\t\t<\/div>\n\t\t\t\t<div class=\"elementor-element elementor-element-1ea1fc5 elementor-widget elementor-widget-text-editor\" data-id=\"1ea1fc5\" data-element_type=\"widget\" data-e-type=\"widget\" data-settings=\"{&quot;profecient_custom_cursor_toggle&quot;:false,&quot;profecient_parallax_effects_toggle&quot;:0,&quot;profecient_mouse_effects_toggle&quot;:0}\" data-widget_type=\"text-editor.default\">\n\t\t\t\t<div class=\"elementor-widget-container\">\n\t\t\t\t\t\t\t\t\t<p><span style=\"font-size: 15px; color: #111111; font-family: var( --e-global-typography-text-font-family ), Sans-serif; font-weight: var( --e-global-typography-text-font-weight );\">Kompetanse og utdanning og er et veldig viktig satsningsomr\u00e5de for SIL Fotball. Dette gjelder b\u00e5de for ledere, trenere, dommere og \u00f8vrige roller der kompetanse er avgj\u00f8rende.<\/span><\/p><p>Klubbens aktivitetsomfang skaper behov for sv\u00e6rt mange frivillige som bekler ulike funksjoner. Jo bedre kvalifiserte disse er, desto bedre fotballaktivitet vil klubben kunne tilby barn og ungdom, jenter som gutter. Kriteriene for utdanning\/kompetanse i kvalitetsklubbsystemet gir klubben f\u00f8ringer. Som kvalitetsklubb skal vi til enhver tid jobbe for \u00e5 v\u00e6re innenfor disse kravene for kompetanse, og at vi har god kompetanse i n\u00f8kkelroller.<\/p><p>NFF har en rekke utdanningstilbud. Som klubb \u00f8nsker vi \u00e5 tilrettelegge at klubbens ledere, trenere, dommere og \u00f8vrige tillitsvalgte f\u00e5r den kompetansen vervet krever.<\/p><p>SIL Fotball har lagd en <strong>utdanningsoversikt <\/strong>som til enhver tid gir oversikt over kompetanseniv\u00e5 p\u00e5 klubbens ledere, trenere og \u00f8vrige.\u00a0 Det gir ogs\u00e5 et godt utgangspunkt for v\u00e5r jobb med \u00e5 hele tiden planlegge og tilrettelegge fremtidig skolering av ledere\/trenere med manglende kompetanse eller de som vil \u00f8ke sin kompetanse.<\/p>\t\t\t\t\t\t\t\t<\/div>\n\t\t\t\t<\/div>\n\t\t\t\t<div class=\"elementor-element elementor-element-74bff4d elementor-widget elementor-widget-text-editor\" data-id=\"74bff4d\" data-element_type=\"widget\" data-e-type=\"widget\" data-settings=\"{&quot;profecient_custom_cursor_toggle&quot;:false,&quot;profecient_parallax_effects_toggle&quot;:0,&quot;profecient_mouse_effects_toggle&quot;:0}\" data-widget_type=\"text-editor.default\">\n\t\t\t\t<div class=\"elementor-widget-container\">\n\t\t\t\t\t\t\t\t\t<h1><b><a name=\"_Toc501082927\"><\/a>11.1 Lederkurs<\/b><\/h1><p>Lederkompetanse er avgj\u00f8rende for god styring av klubben. Mange har erfaring fra lederjobber i sine private jobber, noen har lederutdanning og noen har liten eller ingen erfaring som ledere. Alle kan gj\u00f8re en god jobb som leder av en fotballklubb.<\/p><p>NFFs fire lederkurs (FL1, FL2, FL3 og FL4) inneholder sentrale kompetanseomr\u00e5der for lederniv\u00e5et i en klubb. Her er flere \u00e5rs erfaring samlet og framstilt for ledelsen i en klubb. Kompetansen man tilegner seg, sikrer en mer interessant arbeidshverdag for den frivillige med \u00f8kt forst\u00e5else for lederrollene. Bildet under gir litt informasjon om de fire lederkursene NFF tilbyr.<\/p>\t\t\t\t\t\t\t\t<\/div>\n\t\t\t\t<\/div>\n\t\t\t\t<div class=\"elementor-element elementor-element-7b22085 elementor-widget elementor-widget-image\" data-id=\"7b22085\" data-element_type=\"widget\" data-e-type=\"widget\" data-settings=\"{&quot;profecient_custom_cursor_toggle&quot;:false,&quot;profecient_parallax_effects_toggle&quot;:0,&quot;profecient_mouse_effects_toggle&quot;:0}\" data-widget_type=\"image.default\">\n\t\t\t\t<div class=\"elementor-widget-container\">\n\t\t\t\t\t\t\t\t\t\t\t\t\t\t\t<img fetchpriority=\"high\" decoding=\"async\" width=\"348\" height=\"341\" src=\"https:\/\/www.silfotball.no\/klubbhandbok\/wp-content\/uploads\/2020\/12\/Bilde2.png\" class=\"attachment-large size-large wp-image-428\" alt=\"\" srcset=\"https:\/\/www.silfotball.no\/klubbhandbok\/wp-content\/uploads\/2020\/12\/Bilde2.png 348w, https:\/\/www.silfotball.no\/klubbhandbok\/wp-content\/uploads\/2020\/12\/Bilde2-300x294.png 300w\" sizes=\"(max-width: 348px) 100vw, 348px\" \/>\t\t\t\t\t\t\t\t\t\t\t\t\t\t\t<\/div>\n\t\t\t\t<\/div>\n\t\t\t\t<div class=\"elementor-element elementor-element-65602e4 elementor-widget elementor-widget-text-editor\" data-id=\"65602e4\" data-element_type=\"widget\" data-e-type=\"widget\" data-settings=\"{&quot;profecient_custom_cursor_toggle&quot;:false,&quot;profecient_parallax_effects_toggle&quot;:0,&quot;profecient_mouse_effects_toggle&quot;:0}\" data-widget_type=\"text-editor.default\">\n\t\t\t\t<div class=\"elementor-widget-container\">\n\t\t\t\t\t\t\t\t\t<p>P\u00e5 denne linken kan du ogs\u00e5 lese mer om NFFs lederutdanninger: <a href=\"https:\/\/www.fotball.no\/klubb-og-leder\/leder\/\">https:\/\/www.fotball.no\/klubb-og-leder\/leder\/<\/a><\/p><p><span style=\"font-family: var( --e-global-typography-text-font-family ), Sans-serif; font-weight: var( --e-global-typography-text-font-weight );\">Sandnessj\u00f8en IL er en Kvalitetsklubb p\u00e5 niv\u00e5 2. Det krever at alle i klubben sitt styre skal ha minimum FLK 1 og flertallet i styret skal ha FLK 2.<\/span><\/p>\t\t\t\t\t\t\t\t<\/div>\n\t\t\t\t<\/div>\n\t\t\t\t<div class=\"elementor-element elementor-element-7e8d12a elementor-widget elementor-widget-text-editor\" data-id=\"7e8d12a\" data-element_type=\"widget\" data-e-type=\"widget\" data-settings=\"{&quot;profecient_custom_cursor_toggle&quot;:false,&quot;profecient_parallax_effects_toggle&quot;:0,&quot;profecient_mouse_effects_toggle&quot;:0}\" data-widget_type=\"text-editor.default\">\n\t\t\t\t<div class=\"elementor-widget-container\">\n\t\t\t\t\t\t\t\t\t<h1><a name=\"_Toc501082928\"><\/a><b>11.2 Trenerkurs<\/b><\/h1>\nTrenerkompetanse er et av SIL Fotballs og NFFs viktigste satsingsomr\u00e5der. Dyktige trenere er avgj\u00f8rende for kvaliteten p\u00e5 aktivitetene. En god trener er b\u00e5de en god leder og har fotballfaglig innsikt. SIL Fotball \u00f8nsker til enhver tid \u00e5 v\u00e6re innenfor de kompetansekrav som gjelder for klubben i kvalitetsklubb-prosjektet. SIL Fotball \u00f8nsker ogs\u00e5 at <u>alle<\/u> trenere i klubben har formell kompetanse. SIL Fotball \u00f8nsker dermed kontinuerlig \u00e5 tilrettelegge for at trenere f\u00e5r tilbud og har muligheten til \u00e5 ta trenerkurs.\n\nNFFs trenerstige er:\n<ul>\n \t<li>Grasrottreneren<\/li>\n \t<li>UEFA B-lisens<\/li>\n \t<li>UEFA A-lisens<\/li>\n \t<li>UEFA Pro-lisens<\/li>\n<\/ul>\nI tillegg til dette er det b\u00e5de egne kurs for keepertrenere og for spillerutviklere. Bildet under viser de ulike trenerkurs som NFF tilbyr og i hvilken rekkef\u00f8lge disse kan tas.\t\t\t\t\t\t\t\t<\/div>\n\t\t\t\t<\/div>\n\t\t\t\t<div class=\"elementor-element elementor-element-e86da6a elementor-widget elementor-widget-image\" data-id=\"e86da6a\" data-element_type=\"widget\" data-e-type=\"widget\" data-settings=\"{&quot;profecient_custom_cursor_toggle&quot;:false,&quot;profecient_parallax_effects_toggle&quot;:0,&quot;profecient_mouse_effects_toggle&quot;:0}\" data-widget_type=\"image.default\">\n\t\t\t\t<div class=\"elementor-widget-container\">\n\t\t\t\t\t\t\t\t\t\t\t\t\t\t\t<img decoding=\"async\" width=\"668\" height=\"358\" src=\"https:\/\/www.silfotball.no\/klubbhandbok\/wp-content\/uploads\/2020\/12\/Bilde3.png\" class=\"attachment-large size-large wp-image-432\" alt=\"\" srcset=\"https:\/\/www.silfotball.no\/klubbhandbok\/wp-content\/uploads\/2020\/12\/Bilde3.png 668w, https:\/\/www.silfotball.no\/klubbhandbok\/wp-content\/uploads\/2020\/12\/Bilde3-300x161.png 300w, https:\/\/www.silfotball.no\/klubbhandbok\/wp-content\/uploads\/2020\/12\/Bilde3-585x314.png 585w\" sizes=\"(max-width: 668px) 100vw, 668px\" \/>\t\t\t\t\t\t\t\t\t\t\t\t\t\t\t<\/div>\n\t\t\t\t<\/div>\n\t\t\t\t<div class=\"elementor-element elementor-element-af32824 elementor-widget elementor-widget-text-editor\" data-id=\"af32824\" data-element_type=\"widget\" data-e-type=\"widget\" data-settings=\"{&quot;profecient_custom_cursor_toggle&quot;:false,&quot;profecient_parallax_effects_toggle&quot;:0,&quot;profecient_mouse_effects_toggle&quot;:0}\" data-widget_type=\"text-editor.default\">\n\t\t\t\t<div class=\"elementor-widget-container\">\n\t\t\t\t\t\t\t\t\t<p>Her kan du ogs\u00e5 lese mer om NFFs trenerkurs: <a href=\"https:\/\/www.fotball.no\/trener\/\">https:\/\/www.fotball.no\/trener\/<\/a><\/p><p>Her kan du lese om oppbygningen og innholdet i NFF Grasrottreneren: <a href=\"https:\/\/www.fotball.no\/trener\/grasrottrener\/nff-c--lisensutdanningen\/\">https:\/\/www.fotball.no\/trener\/grasrottrener\/nff-c&#8211;lisensutdanningen\/\u00a0\u00a0<\/a><\/p><p>Sandnessj\u00f8en IL er en Kvalitetsklubb p\u00e5 niv\u00e5 2. Det krever at v\u00e5re trenere har:<\/p><p><strong>Barnefotball 6-12 \u00e5r<\/strong><\/p><p>En trener pr. lag med minimum ett delkurs fra NFF Grasrottreneren (Grasrottrener 1)<\/p><p><strong>Ungdomsfotball 13-19 \u00e5r<\/strong><\/p><p>En trener pr. lag med minimum to delkurs fra NFF Grasrottreneren (Grasrottrener 1 og 3)<br \/>En trener pr. \u00e5rskull, ogs\u00e5 pr. kj\u00f8nn, med minimum hele NFF Grasrottreneren\u00a0<\/p>\t\t\t\t\t\t\t\t<\/div>\n\t\t\t\t<\/div>\n\t\t\t\t<div class=\"elementor-element elementor-element-a1cb7d7 elementor-widget elementor-widget-text-editor\" data-id=\"a1cb7d7\" data-element_type=\"widget\" data-e-type=\"widget\" data-settings=\"{&quot;profecient_custom_cursor_toggle&quot;:false,&quot;profecient_parallax_effects_toggle&quot;:0,&quot;profecient_mouse_effects_toggle&quot;:0}\" data-widget_type=\"text-editor.default\">\n\t\t\t\t<div class=\"elementor-widget-container\">\n\t\t\t\t\t\t\t\t\t<h1><a name=\"_Toc501082929\"><\/a><strong>11.3 Dommerkurs<\/strong><\/h1>\nP\u00e5 kretsniv\u00e5 og lokalt arrangeres rekrutteringsdommerkurs tidlig i januar hvert \u00e5r.\n\nNorges Fotballforbund etablerte f\u00f8r sesongen 2015 egen dommerskole \u2013 NORCORE (Norway Centre Of Refereeing Excellence). Denne dommerskolen best\u00e5r av fem trinn.\n\nHer finner du informasjon og aktuelle saker om alle trinnene i NFFs dommerskole NORCORE: <a href=\"https:\/\/www.fotball.no\/dommer\/norcore\/\">https:\/\/www.fotball.no\/dommer\/norcore\/<\/a>\t\t\t\t\t\t\t\t<\/div>\n\t\t\t\t<\/div>\n\t\t\t\t<div class=\"elementor-element elementor-element-c73fe46 elementor-widget elementor-widget-spacer\" data-id=\"c73fe46\" data-element_type=\"widget\" data-e-type=\"widget\" data-settings=\"{&quot;profecient_custom_cursor_toggle&quot;:false,&quot;profecient_parallax_effects_toggle&quot;:0,&quot;profecient_mouse_effects_toggle&quot;:0}\" data-widget_type=\"spacer.default\">\n\t\t\t\t<div class=\"elementor-widget-container\">\n\t\t\t\t\t\t\t<div class=\"elementor-spacer\">\n\t\t\t<div class=\"elementor-spacer-inner\"><\/div>\n\t\t<\/div>\n\t\t\t\t\t\t<\/div>\n\t\t\t\t<\/div>\n\t\t\t\t\t<\/div>\n\t\t<\/div>\n\t\t\t\t\t<\/div>\n\t\t<\/section>\n\t\t\t\t<section class=\"elementor-section elementor-top-section elementor-element elementor-element-959fd73 elementor-section-boxed elementor-section-height-default elementor-section-height-default\" data-id=\"959fd73\" data-element_type=\"section\" data-e-type=\"section\" data-settings=\"{&quot;profecient_background_motion_effects_toggle&quot;:0,&quot;profecient_custom_cursor_toggle&quot;:false,&quot;profecient_parallax_effects_toggle&quot;:0,&quot;profecient_mouse_effects_toggle&quot;:0}\">\n\t\t\t\t\t\t<div class=\"elementor-container elementor-column-gap-default\">\n\t\t\t\t\t<div class=\"elementor-column elementor-col-50 elementor-top-column elementor-element elementor-element-61309d8\" data-id=\"61309d8\" data-element_type=\"column\" data-e-type=\"column\" data-settings=\"{&quot;profecient_background_motion_effects_toggle&quot;:0,&quot;profecient_custom_cursor_toggle&quot;:false,&quot;profecient_parallax_effects_toggle&quot;:0,&quot;profecient_mouse_effects_toggle&quot;:0}\">\n\t\t\t<div class=\"elementor-widget-wrap elementor-element-populated\">\n\t\t\t\t\t\t<div class=\"elementor-element elementor-element-4e933d7 elementor-widget elementor-widget-button\" data-id=\"4e933d7\" data-element_type=\"widget\" data-e-type=\"widget\" data-settings=\"{&quot;profecient_custom_cursor_toggle&quot;:false,&quot;profecient_parallax_effects_toggle&quot;:0,&quot;profecient_mouse_effects_toggle&quot;:0}\" data-widget_type=\"button.default\">\n\t\t\t\t<div class=\"elementor-widget-container\">\n\t\t\t\t\t\t\t\t\t<div class=\"elementor-button-wrapper\">\n\t\t\t\t\t<a class=\"elementor-button elementor-button-link elementor-size-sm\" href=\"https:\/\/www.silfotball.no\/klubbhandbok\/10-rekrutteringsplan\/\">\n\t\t\t\t\t\t<span class=\"elementor-button-content-wrapper\">\n\t\t\t\t\t\t<span class=\"elementor-button-icon\">\n\t\t\t\t<i aria-hidden=\"true\" class=\"fas fa-arrow-left\"><\/i>\t\t\t<\/span>\n\t\t\t\t\t\t\t\t\t<span class=\"elementor-button-text\">10. Rekrutteringsplan<\/span>\n\t\t\t\t\t<\/span>\n\t\t\t\t\t<\/a>\n\t\t\t\t<\/div>\n\t\t\t\t\t\t\t\t<\/div>\n\t\t\t\t<\/div>\n\t\t\t\t\t<\/div>\n\t\t<\/div>\n\t\t\t\t<div class=\"elementor-column elementor-col-50 elementor-top-column elementor-element elementor-element-cfd9bbc\" data-id=\"cfd9bbc\" data-element_type=\"column\" data-e-type=\"column\" data-settings=\"{&quot;profecient_background_motion_effects_toggle&quot;:0,&quot;profecient_custom_cursor_toggle&quot;:false,&quot;profecient_parallax_effects_toggle&quot;:0,&quot;profecient_mouse_effects_toggle&quot;:0}\">\n\t\t\t<div class=\"elementor-widget-wrap elementor-element-populated\">\n\t\t\t\t\t\t<div class=\"elementor-element elementor-element-d38838a elementor-align-right elementor-widget elementor-widget-button\" data-id=\"d38838a\" data-element_type=\"widget\" data-e-type=\"widget\" data-settings=\"{&quot;profecient_custom_cursor_toggle&quot;:false,&quot;profecient_parallax_effects_toggle&quot;:0,&quot;profecient_mouse_effects_toggle&quot;:0}\" data-widget_type=\"button.default\">\n\t\t\t\t<div class=\"elementor-widget-container\">\n\t\t\t\t\t\t\t\t\t<div class=\"elementor-button-wrapper\">\n\t\t\t\t\t<a class=\"elementor-button elementor-button-link elementor-size-sm\" href=\"https:\/\/www.silfotball.no\/klubbhandbok\/12-arshjul-og-viktige-datoer\/\">\n\t\t\t\t\t\t<span class=\"elementor-button-content-wrapper\">\n\t\t\t\t\t\t<span class=\"elementor-button-icon\">\n\t\t\t\t<i aria-hidden=\"true\" class=\"fas fa-arrow-right\"><\/i>\t\t\t<\/span>\n\t\t\t\t\t\t\t\t\t<span class=\"elementor-button-text\">12. \u00c5rshjul og viktige datoer<\/span>\n\t\t\t\t\t<\/span>\n\t\t\t\t\t<\/a>\n\t\t\t\t<\/div>\n\t\t\t\t\t\t\t\t<\/div>\n\t\t\t\t<\/div>\n\t\t\t\t\t<\/div>\n\t\t<\/div>\n\t\t\t\t\t<\/div>\n\t\t<\/section>\n\t\t\t\t<\/div>\n\t\t","protected":false},"excerpt":{"rendered":"<p>11.1 Lederkurs 11.2 Trenerkurs 11.3 Dommerkurs Kompetanse og utdanning og er et veldig viktig satsningsomr\u00e5de for SIL Fotball. Dette gjelder b\u00e5de for ledere, trenere, dommere og \u00f8vrige roller der kompetanse er avgj\u00f8rende. Klubbens aktivitetsomfang skaper behov for sv\u00e6rt mange frivillige som bekler ulike funksjoner. Jo bedre kvalifiserte disse er, desto bedre fotballaktivitet vil klubben kunne [&hellip;]<\/p>\n","protected":false},"author":1,"featured_media":0,"parent":0,"menu_order":0,"comment_status":"closed","ping_status":"closed","template":"","meta":{"footnotes":""},"class_list":["post-310","page","type-page","status-publish","hentry"],"_links":{"self":[{"href":"https:\/\/www.silfotball.no\/klubbhandbok\/wp-json\/wp\/v2\/pages\/310","targetHints":{"allow":["GET"]}}],"collection":[{"href":"https:\/\/www.silfotball.no\/klubbhandbok\/wp-json\/wp\/v2\/pages"}],"about":[{"href":"https:\/\/www.silfotball.no\/klubbhandbok\/wp-json\/wp\/v2\/types\/page"}],"author":[{"embeddable":true,"href":"https:\/\/www.silfotball.no\/klubbhandbok\/wp-json\/wp\/v2\/users\/1"}],"replies":[{"embeddable":true,"href":"https:\/\/www.silfotball.no\/klubbhandbok\/wp-json\/wp\/v2\/comments?post=310"}],"version-history":[{"count":76,"href":"https:\/\/www.silfotball.no\/klubbhandbok\/wp-json\/wp\/v2\/pages\/310\/revisions"}],"predecessor-version":[{"id":1654,"href":"https:\/\/www.silfotball.no\/klubbhandbok\/wp-json\/wp\/v2\/pages\/310\/revisions\/1654"}],"wp:attachment":[{"href":"https:\/\/www.silfotball.no\/klubbhandbok\/wp-json\/wp\/v2\/media?parent=310"}],"curies":[{"name":"wp","href":"https:\/\/api.w.org\/{rel}","templated":true}]}}